{"id":7596,"date":"2021-08-18T02:15:05","date_gmt":"2021-08-18T02:15:05","guid":{"rendered":"https:\/\/cosmosir.net\/newsite\/?page_id=7596"},"modified":"2022-05-18T02:33:00","modified_gmt":"2022-05-18T02:33:00","slug":"radiocosmos","status":"publish","type":"page","link":"https:\/\/cosmosir.net\/newsite\/radiocosmos\/","title":{"rendered":"Radio Cosmos 97.3"},"content":{"rendered":"[vc_row row_type=\u00bbrow\u00bb text_align=\u00bbleft\u00bb css_animation=\u00bb\u00bb css=\u00bb.vc_custom_1629396553075{background-color: #000000 !important;}\u00bb][vc_column][vc_row_inner row_type=\u00bbrow\u00bb text_align=\u00bbleft\u00bb css_animation=\u00bb\u00bb][vc_column_inner][vc_column_text]<div id=\"mega-menu-wrap-max_mega_menu_1\" class=\"mega-menu-wrap\"><div class=\"mega-menu-toggle\"><div class=\"mega-toggle-blocks-left\"><\/div><div class=\"mega-toggle-blocks-center\"><\/div><div class=\"mega-toggle-blocks-right\"><div class='mega-toggle-block mega-menu-toggle-animated-block mega-toggle-block-0' id='mega-toggle-block-0'><button aria-label=\"Toggle Menu\" class=\"mega-toggle-animated mega-toggle-animated-slider\" type=\"button\" aria-expanded=\"false\">\n                  <span class=\"mega-toggle-animated-box\">\n                    <span class=\"mega-toggle-animated-inner\"><\/span>\n                  <\/span>\n                <\/button><\/div><\/div><\/div><ul id=\"mega-menu-max_mega_menu_1\" class=\"mega-menu max-mega-menu mega-menu-horizontal mega-no-js\" data-event=\"hover_intent\" data-effect=\"fade_up\" data-effect-speed=\"200\" data-effect-mobile=\"disabled\" data-effect-speed-mobile=\"0\" data-mobile-force-width=\"false\" data-second-click=\"go\" data-document-click=\"collapse\" data-vertical-behaviour=\"standard\" data-breakpoint=\"768\" data-unbind=\"true\" data-mobile-state=\"collapse_all\" data-hover-intent-timeout=\"300\" data-hover-intent-interval=\"100\"><li class='mega-menu-item mega-menu-item-type-post_type mega-menu-item-object-page mega-align-bottom-left mega-menu-flyout mega-menu-item-8201' id='mega-menu-item-8201'><a class=\"mega-menu-link\" href=\"https:\/\/cosmosir.net\/newsite\/radiocosmos\/\" tabindex=\"0\">COSMOS 97.3<\/a><\/li><li class='mega-menu-item mega-menu-item-type-post_type mega-menu-item-object-page mega-align-bottom-left mega-menu-flyout mega-menu-item-8198' id='mega-menu-item-8198'><a class=\"mega-menu-link\" href=\"https:\/\/cosmosir.net\/newsite\/rcs\/\" tabindex=\"0\">RCS<\/a><\/li><li class='mega-menu-item mega-menu-item-type-post_type mega-menu-item-object-page mega-align-bottom-left mega-menu-flyout mega-menu-item-8199' id='mega-menu-item-8199'><a class=\"mega-menu-link\" href=\"https:\/\/cosmosir.net\/newsite\/rci\/\" tabindex=\"0\">RCI<\/a><\/li><li class='mega-menu-item mega-menu-item-type-post_type mega-menu-item-object-page mega-align-bottom-left mega-menu-flyout mega-menu-item-8200' id='mega-menu-item-8200'><a class=\"mega-menu-link\" href=\"https:\/\/cosmosir.net\/newsite\/rcc\/\" tabindex=\"0\">RCC<\/a><\/li><li class='mega-menu-item mega-menu-item-type-post_type mega-menu-item-object-page mega-align-bottom-left mega-menu-flyout mega-menu-item-8506' id='mega-menu-item-8506'><a class=\"mega-menu-link\" href=\"https:\/\/cosmosir.net\/newsite\/codigo-de-etica\/\" tabindex=\"0\">C\u00d3DIGO DE \u00c9TICA<\/a><\/li><\/ul><\/div>[\/vc_column_text][\/vc_column_inner][\/vc_row_inner][vc_row_inner row_type=\u00bbrow\u00bb text_align=\u00bbleft\u00bb css_animation=\u00bb\u00bb css=\u00bb.vc_custom_1629320528878{background-color: #1b75bc !important;}\u00bb][vc_column_inner width=\u00bb1\/2&#8243; css=\u00bb.vc_custom_1629409167262{padding-top: 20px !important;padding-right: 20px !important;padding-bottom: 20px !important;padding-left: 50px !important;}\u00bb][vc_column_text]<img decoding=\"async\" class=\"alignnone size-full wp-image-7350\" style=\"width: 15em;\" src=\"http:\/\/cosmosir.net\/newsite\/wp-content\/uploads\/2021\/07\/logo_cosmos.svg\" alt=\"\" \/>[\/vc_column_text][\/vc_column_inner][vc_column_inner width=\u00bb1\/2&#8243;][vc_single_image image=\u00bb7664&#8243; img_size=\u00bbfull\u00bb alignment=\u00bbright\u00bb css=\u00bb.vc_custom_1629409204376{padding-top: 50px !important;padding-right: 50px !important;}\u00bb][\/vc_column_inner][\/vc_row_inner][\/vc_column][\/vc_row][vc_row row_type=\u00bbrow\u00bb text_align=\u00bbleft\u00bb css_animation=\u00bb\u00bb][vc_column][vc_parallax][vc_parallax_section title=\u00bbSection 1&#8243; background_image=\u00bb7669&#8243; height=\u00bb875&#8243; position=\u00bbcenter\u00bb][vc_separator type=\u00bbtransparent\u00bb thickness=\u00bb15&#8243;][vc_raw_html]JTVCbWFzdGVyc2xpZGVyJTIwaWQlM0QlMjIxJTIyJTVE[\/vc_raw_html]<span class=\"q_font_awsome_icon fa-4x  q_icon_animation\" style=\" transition-delay: 200ms; -webkit-transition-delay: 200ms; -moz-transition-delay: 200ms; -o-transition-delay: 200ms;\"><a href=\"javascript:jQuery('html, body').animate({ scrollTop: 600 }, 1000);\" target=\"_self\"><i class=\"fa fa-angle-double-down\" style=\"color: #ffffff;\"><\/i><\/a><\/span>[vc_separator type=\u00bbtransparent\u00bb thickness=\u00bb15&#8243;][vc_row_inner row_type=\u00bbsection\u00bb type=\u00bbgrid\u00bb text_align=\u00bbleft\u00bb][vc_column_inner width=\u00bb1\/4&#8243;]<span class=\"fa-stack q_font_awsome_icon_stack fa-5x  q_icon_animation\" style=\"font-size: 90px; transition-delay: 300ms; -webkit-transition-delay: 300ms; -moz-transition-delay: 300ms; -o-transition-delay: 300ms;\"><i class=\"fa fa-circle fa-stack-base fa-stack-2x\" style=\"color: #1b75bc;\"><\/i><i class=\"fa fa-info fa-stack-1x\" style=\"font-size: 90px;color: #ffffff;\"><\/i><\/span>[\/vc_column_inner][vc_column_inner width=\u00bb3\/4&#8243; css=\u00bb.vc_custom_1646932166875{background-color: rgba(27,117,188,0.5) !important;*background-color: rgb(27,117,188) !important;border-radius: 20px !important;}\u00bb]<span class=\"custom_font_holder\" style=\"font-family: Open Sans; font-size: 32px; line-height: 32px; font-style: normal; font-weight: 700; color: #ffffff; text-decoration: none; text-align: center;\">TE RECOMENDAMOS Y TE ACOMPA\u00d1AMOS<\/p>\n<h4><strong><span style=\"color: #ffffff;\">COSMOS EL SONIDO DE LA M\u00daSICA AMBIENTAL<\/span><\/strong><\/h4>\n<\/span>[vc_separator type=\u00bbtransparent\u00bb]<span class=\"custom_font_holder\" style=\"font-family: Helvetica; font-size: 14px; line-height: 22px; font-style: normal; font-weight: 300; color: #ffffff; text-decoration: none; text-align: left;\">\n<ul>\n<li>M\u00fasica ambiental de compa\u00f1ia.<\/li>\n<li>Sutil transici\u00f3n por nuestros distintos g\u00e9neros de programaci\u00f3n durante todo el d\u00eda.<\/li>\n<\/ul>\n<ul>\n<li>New Age, \u00d3pera, M\u00fasica Cl\u00e1sica, Valses, Folklore Latinoamericano,<\/li>\n<li>Crossovers Cl\u00e1sicos, Easy Listening, Adullt Contemporary, Soft Rock,<\/li>\n<li>Country, M\u00fasica del Mundo, Balada Rom\u00e1ntica, Canci\u00f3n de Autor,<\/li>\n<li style=\"text-align: left;\">Nueva Trova, Jazz, Smooth Jazz, Big Band, Blues, Pop, Folk,<\/li>\n<li style=\"text-align: left;\">M\u00fasica Celta, Boleros, Tangos,<\/li>\n<li>Mariachis entre otros g\u00e9neros de la regi\u00f3n.<\/li>\n<\/ul>\n<\/span>[vc_separator type=\u00bbtransparent\u00bb][\/vc_column_inner][\/vc_row_inner][vc_separator type=\u00bbtransparent\u00bb thickness=\u00bb100&#8243;][\/vc_parallax_section][\/vc_parallax][\/vc_column][\/vc_row][vc_row row_type=\u00bbrow\u00bb text_align=\u00bbleft\u00bb css_animation=\u00bb\u00bb][vc_column][vc_parallax][vc_parallax_section position=\u00bbcenter\u00bb][vc_row_inner row_type=\u00bbsection\u00bb type=\u00bbgrid\u00bb text_align=\u00bbleft\u00bb][vc_column_inner width=\u00bb1\/4&#8243;][vc_separator type=\u00bbtransparent\u00bb]<span class=\"fa-stack q_font_awsome_icon_stack fa-5x  q_icon_animation\" style=\"font-size: 90px; transition-delay: 300ms; -webkit-transition-delay: 300ms; -moz-transition-delay: 300ms; -o-transition-delay: 300ms;\"><i class=\"fa fa-circle fa-stack-base fa-stack-2x\" style=\"color: #1b75bc;\"><\/i><i class=\"fa fa-list fa-stack-1x\" style=\"font-size: 90px;color: #ffffff;\"><\/i><\/span>[\/vc_column_inner][vc_column_inner width=\u00bb3\/4&#8243;][vc_separator type=\u00bbtransparent\u00bb]<span class=\"custom_font_holder\" style=\"font-family: Open Sans; font-size: 32px; line-height: 32px; font-style: normal; font-weight: 700; color: #ffffff; text-decoration: none; text-align: center;\">PUBLICIDAD OBJETIVA<\/span><span class=\"custom_font_holder\" style=\"font-family: Open Sans; font-size: 14px; line-height: 32px; font-style: normal; font-weight: 700; color: #ffffff; text-decoration: none; text-align: center;\">\n<h4><span style=\"color: #ffffff;\"><strong>INFORMACI\u00d3N Y ALTERNATIVAS<br \/>\n<\/strong><\/span><\/h4>\n<\/span>[vc_separator type=\u00bbtransparent\u00bb][vc_column_text]<img loading=\"lazy\" decoding=\"async\" class=\"alignnone size-large wp-image-8255\" src=\"http:\/\/cosmosir.net\/newsite\/wp-content\/uploads\/2022\/03\/Radio-Cosmos-Informacio\u0301n-de-Mercado-03-1024x547.jpg\" alt=\"\" width=\"1024\" height=\"547\" srcset=\"https:\/\/cosmosir.net\/newsite\/wp-content\/uploads\/2022\/03\/Radio-Cosmos-Informacio\u0301n-de-Mercado-03-1024x547.jpg 1024w, https:\/\/cosmosir.net\/newsite\/wp-content\/uploads\/2022\/03\/Radio-Cosmos-Informacio\u0301n-de-Mercado-03-300x160.jpg 300w, https:\/\/cosmosir.net\/newsite\/wp-content\/uploads\/2022\/03\/Radio-Cosmos-Informacio\u0301n-de-Mercado-03-768x410.jpg 768w, https:\/\/cosmosir.net\/newsite\/wp-content\/uploads\/2022\/03\/Radio-Cosmos-Informacio\u0301n-de-Mercado-03-1536x820.jpg 1536w, https:\/\/cosmosir.net\/newsite\/wp-content\/uploads\/2022\/03\/Radio-Cosmos-Informacio\u0301n-de-Mercado-03-2048x1094.jpg 2048w\" sizes=\"auto, (max-width: 1024px) 100vw, 1024px\" \/>[\/vc_column_text][vc_separator type=\u00bbtransparent\u00bb thickness=\u00bb20&#8243;][\/vc_column_inner][\/vc_row_inner][\/vc_parallax_section][\/vc_parallax][\/vc_column][\/vc_row][vc_row row_type=\u00bbrow\u00bb text_align=\u00bbleft\u00bb css_animation=\u00bb\u00bb][vc_column][vc_parallax][vc_parallax_section title=\u00bbSection 1&#8243; background_image=\u00bb7120&#8243; position=\u00bbcenter\u00bb][vc_row_inner row_type=\u00bbsection\u00bb type=\u00bbgrid\u00bb text_align=\u00bbleft\u00bb][vc_column_inner width=\u00bb1\/4&#8243;][vc_separator type=\u00bbtransparent\u00bb]<span class=\"fa-stack q_font_awsome_icon_stack fa-5x pull-center q_icon_animation\" style=\"font-size: 90px; transition-delay: 300ms; -webkit-transition-delay: 300ms; -moz-transition-delay: 300ms; -o-transition-delay: 300ms;\"><i class=\"fa fa-circle fa-stack-base fa-stack-2x\" style=\"color: #1b75bc;\"><\/i><i class=\"fa fa-magic fa-stack-1x\" style=\"font-size: 90px;color: #ffffff;\"><\/i><\/span>[\/vc_column_inner][vc_column_inner width=\u00bb3\/4&#8243; css=\u00bb.vc_custom_1649546654560{border-radius: 20px !important;}\u00bb]<span class=\"custom_font_holder\" style=\" font-size: 32px; line-height: 26px; font-style: normal; font-weight: 700; color: #ffffff; text-decoration: none; text-align: center;\">NOTAS<\/span><span class=\"custom_font_holder\" style=\" font-size: 14px; line-height: 26px; font-style: normal; font-weight: 700; color: #ffffff; text-decoration: none; text-align: center;\">ACTUALIDAD Y RECUERDOS<\/span>[vc_separator type=\u00bbtransparent\u00bb]<span class=\"custom_font_holder\" style=\" font-size: 15px; line-height: 26px; font-style: normal; font-weight: 300; color: #ffffff; text-decoration: none; text-align: left;\"><img loading=\"lazy\" decoding=\"async\" class=\"alignnone size-large wp-image-8264\" src=\"http:\/\/cosmosir.net\/newsite\/wp-content\/uploads\/2022\/03\/MU\u0301SICA-AMBIENTAL-01-1024x547.jpg\" alt=\"\" width=\"1024\" height=\"547\" srcset=\"https:\/\/cosmosir.net\/newsite\/wp-content\/uploads\/2022\/03\/MU\u0301SICA-AMBIENTAL-01-1024x547.jpg 1024w, https:\/\/cosmosir.net\/newsite\/wp-content\/uploads\/2022\/03\/MU\u0301SICA-AMBIENTAL-01-300x160.jpg 300w, https:\/\/cosmosir.net\/newsite\/wp-content\/uploads\/2022\/03\/MU\u0301SICA-AMBIENTAL-01-768x410.jpg 768w, https:\/\/cosmosir.net\/newsite\/wp-content\/uploads\/2022\/03\/MU\u0301SICA-AMBIENTAL-01-1536x820.jpg 1536w, https:\/\/cosmosir.net\/newsite\/wp-content\/uploads\/2022\/03\/MU\u0301SICA-AMBIENTAL-01-2048x1093.jpg 2048w\" sizes=\"auto, (max-width: 1024px) 100vw, 1024px\" \/><\/span>[vc_separator type=\u00bbtransparent\u00bb thickness=\u00bb10&#8243;][vc_separator type=\u00bbtransparent\u00bb thickness=\u00bb10&#8243;][\/vc_column_inner][\/vc_row_inner][\/vc_parallax_section][\/vc_parallax][\/vc_column][\/vc_row][vc_row row_type=\u00bbrow\u00bb text_align=\u00bbleft\u00bb css_animation=\u00bb\u00bb][vc_column width=\u00bb1\/2&#8243;][vc_row_inner row_type=\u00bbrow\u00bb text_align=\u00bbcenter\u00bb css_animation=\u00bbelement_from_left\u00bb css=\u00bb.vc_custom_1629408804179{padding-left: 60px !important;}\u00bb][vc_column_inner][vc_separator type=\u00bbtransparent\u00bb thickness=\u00bb100&#8243;]<span class=\"fa-stack q_font_awsome_icon_stack fa-5x  q_icon_animation\" style=\"font-size: 90px; transition-delay: 300ms; -webkit-transition-delay: 300ms; -moz-transition-delay: 300ms; -o-transition-delay: 300ms;\"><i class=\"fa fa-circle fa-stack-base fa-stack-2x\" style=\"color: #1b75bc;\"><\/i><i class=\"fa fa-files-o fa-stack-1x\" style=\"font-size: 90px;color: #ffffff;\"><\/i><\/span>[vc_separator type=\u00bbtransparent\u00bb thickness=\u00bb100&#8243;][\/vc_column_inner][\/vc_row_inner][\/vc_column][vc_column width=\u00bb1\/2&#8243;][vc_row_inner row_type=\u00bbrow\u00bb text_align=\u00bbleft\u00bb css_animation=\u00bb\u00bb][vc_column_inner][vc_separator type=\u00bbtransparent\u00bb thickness=\u00bb100&#8243;]<span class=\"custom_font_holder\" style=\" font-size: 32px; line-height: 26px; font-style: normal; font-weight: 700; color: #ffffff; text-decoration: none; text-align: center;\">IM\u00c1GENES<\/span>[vc_separator type=\u00bbtransparent\u00bb color=\u00bb#ffffff\u00bb up=\u00bb12&#8243; down=\u00bb12&#8243;][vc_separator type=\u00bbtransparent\u00bb up=\u00bb15&#8243; down=\u00bb15&#8243;][vc_gallery type=\u00bbimage_grid\u00bb images=\u00bb8125,8126,8124&#8243; img_size=\u00bbmedium\u00bb column_number=\u00bb2&#8243;][\/vc_column_inner][\/vc_row_inner][\/vc_column][\/vc_row][vc_row row_type=\u00bbrow\u00bb text_align=\u00bbleft\u00bb css_animation=\u00bb\u00bb][vc_column][vc_parallax][vc_parallax_section title=\u00bbSection 1&#8243; background_image=\u00bb8007&#8243; height=\u00bb550&#8243; position=\u00bbcenter\u00bb][vc_separator type=\u00bbtransparent\u00bb up=\u00bb70&#8243; down=\u00bb40&#8243;][vc_row_inner row_type=\u00bbsection\u00bb type=\u00bbgrid\u00bb text_align=\u00bbleft\u00bb][vc_column_inner width=\u00bb1\/2&#8243;]<span class=\"fa-stack q_font_awsome_icon_stack fa-5x  q_icon_animation\" style=\"font-size: 90px; transition-delay: 300ms; -webkit-transition-delay: 300ms; -moz-transition-delay: 300ms; -o-transition-delay: 300ms;\"><i class=\"fa fa-circle fa-stack-base fa-stack-2x\" style=\"color: #1b75bc;\"><\/i><i class=\"fa fa-phone fa-stack-1x\" style=\"font-size: 90px;color: #ffffff;\"><\/i><\/span>[\/vc_column_inner][vc_column_inner width=\u00bb1\/2&#8243;][vc_column_text]\n<h2><strong><span style=\"color: #ffffff;\">Contactos<\/span><\/strong><\/h2>\n[\/vc_column_text][vc_column_text]\n<h4><span style=\"color: #ffffff;\">+593 07 2831423<\/span><\/h4>\n<h4><span style=\"color: #ffffff;\">+593 990148687<\/span><\/h4>\n<h4><span style=\"color: #ffffff;\">info@rcgrupo.com<\/span><\/h4>\n<h4><span style=\"color: #ffffff;\">Abelardo J. Andrade y Av. de las Am\u00e9ricas.<\/span><\/h4>\n[\/vc_column_text][\/vc_column_inner][\/vc_row_inner][vc_separator type=\u00bbtransparent\u00bb up=\u00bb18&#8243; down=\u00bb14&#8243;][\/vc_parallax_section][\/vc_parallax][\/vc_column][\/vc_row][vc_row row_type=\u00bbrow\u00bb text_align=\u00bbleft\u00bb css_animation=\u00bb\u00bb][vc_column][vc_column_text]\n[\/vc_column_text][\/vc_column][\/vc_row][vc_row row_type=\u00bbrow\u00bb text_align=\u00bbleft\u00bb css_animation=\u00bb\u00bb][vc_column][vc_separator type=\u00bbtransparent\u00bb up=\u00bb18&#8243; down=\u00bb14&#8243;][vc_column_text]\n<p style=\"text-align: center;\"><span style=\"color: #ffffff;\">RC Grupo. Derechos Reservados<\/span><\/p>\n[\/vc_column_text][vc_separator type=\u00bbtransparent\u00bb up=\u00bb18&#8243; down=\u00bb14&#8243;][\/vc_column][\/vc_row]\n","protected":false},"excerpt":{"rendered":"<p>[vc_row row_type=\u00bbrow\u00bb text_align=\u00bbleft\u00bb css_animation=\u00bb\u00bb css=\u00bb.vc_custom_1629396553075{background-color: #000000 !important;}\u00bb][vc_column][vc_row_inner row_type=\u00bbrow\u00bb text_align=\u00bbleft\u00bb css_animation=\u00bb\u00bb][vc_column_inner][vc_column_text][\/vc_column_text][\/vc_column_inner][\/vc_row_inner][vc_row_inner row_type=\u00bbrow\u00bb text_align=\u00bbleft\u00bb css_animation=\u00bb\u00bb css=\u00bb.vc_custom_1629320528878{background-color: #1b75bc !important;}\u00bb][vc_column_inner width=\u00bb1\/2&#8243; css=\u00bb.vc_custom_1629409167262{padding-top: 20px !important;padding-right: 20px !important;padding-bottom: 20px !important;padding-left: 50px !important;}\u00bb][vc_column_text][\/vc_column_text][\/vc_column_inner][vc_column_inner width=\u00bb1\/2&#8243;][vc_single_image image=\u00bb7664&#8243; img_size=\u00bbfull\u00bb alignment=\u00bbright\u00bb css=\u00bb.vc_custom_1629409204376{padding-top: 50px !important;padding-right: 50px !important;}\u00bb][\/vc_column_inner][\/vc_row_inner][\/vc_column][\/vc_row][vc_row row_type=\u00bbrow\u00bb text_align=\u00bbleft\u00bb css_animation=\u00bb\u00bb][vc_column][vc_parallax][vc_parallax_section title=\u00bbSection 1&#8243; background_image=\u00bb7669&#8243; height=\u00bb875&#8243; position=\u00bbcenter\u00bb][vc_separator type=\u00bbtransparent\u00bb thickness=\u00bb15&#8243;][vc_raw_html]JTVCbWFzdGVyc2xpZGVyJTIwaWQlM0QlMjIxJTIyJTVE[\/vc_raw_html][vc_separator&#8230;<\/p>\n","protected":false},"author":1,"featured_media":0,"parent":0,"menu_order":0,"comment_status":"open","ping_status":"closed","template":"elementor_canvas","meta":{"footnotes":""},"class_list":["post-7596","page","type-page","status-publish","hentry"],"_links":{"self":[{"href":"https:\/\/cosmosir.net\/newsite\/wp-json\/wp\/v2\/pages\/7596","targetHints":{"allow":["GET"]}}],"collection":[{"href":"https:\/\/cosmosir.net\/newsite\/wp-json\/wp\/v2\/pages"}],"about":[{"href":"https:\/\/cosmosir.net\/newsite\/wp-json\/wp\/v2\/types\/page"}],"author":[{"embeddable":true,"href":"https:\/\/cosmosir.net\/newsite\/wp-json\/wp\/v2\/users\/1"}],"replies":[{"embeddable":true,"href":"https:\/\/cosmosir.net\/newsite\/wp-json\/wp\/v2\/comments?post=7596"}],"version-history":[{"count":393,"href":"https:\/\/cosmosir.net\/newsite\/wp-json\/wp\/v2\/pages\/7596\/revisions"}],"predecessor-version":[{"id":8468,"href":"https:\/\/cosmosir.net\/newsite\/wp-json\/wp\/v2\/pages\/7596\/revisions\/8468"}],"wp:attachment":[{"href":"https:\/\/cosmosir.net\/newsite\/wp-json\/wp\/v2\/media?parent=7596"}],"curies":[{"name":"wp","href":"https:\/\/api.w.org\/{rel}","templated":true}]}}